f -a**5/60 - a**4/6 + 21*a**3/2 + 44*a**2 + a. Give k(-10).
3
Let d(n) = -36 + 15 + 24 - n. What is d(0)?
3
Let o = 54 - 52. Let y be (-2 - -2)/3*1. Let k(d) = 10*d - o + y*d + 3 - 9*d. Calculate k(-3).
-2
Let b(k) = -2*k**2 - 16*k - 12. Let p be 20/16 - ((-42)/(-8) - -6). Give b(p).
-52
Let r(w) be the third derivative of 15*w**2 + 0*w**3 + 0*w + 0 + 1/12*w**4. Calculate r(2).
4
Let c(g) = -13*g**2 + 4*g - 2. Let f(d) = 4*d**2 + d + 1. Let k(q) = c(q) + 3*f(q). Determine k(9).
-17
Let g(y) = -87*y - y**3 - 2 + 191*y - 2*y**2 - 97*y. Determine g(-4).
2
Let m(j) = 2*j - 9. Let g be m(6). Let x(s) = -1 - 208*s + 116*s + 102*s. Determine x(g).
29
Suppose -2*x + 4*s = 22, -4*s + 7 = 3*x - 0*x. Let n(z) be the third derivative of 0*z**3 + 21*z**2 - 1/60*z**5 - 1/24*z**4 + 0*z + 0. Calculate n(x).
-6
Let v(f) = -15*f**2 - 14*f**2 - 8 + 47*f**2 + 7*f - 19*f**2. Calculate v(6).
-2
Suppose k - 24 = 12*q - 17*q, -4 = -5*q + 4*k. Let t(c) be the second derivative of -1/2*c**3 + 0 + 11*c + 1/2*c**2 - 1/12*c**q. Determine t(-5).
-9
Let l be 9/(-3) + 0 + 3. Let m = 67 - 60. Suppose l*g - g = m. Let x(d) = -d**3 - 6*d**2 + 5*d - 10. Calculate x(g).
4
Let d(t) = -10*t + 0*t + 628 - t**2 - 646. Determine d(-4).
6
Let m(r) = -2*r + 9. Let a = 1536 - 1529. Give m(a).
-5
Let s be (-6)/11 - 376/(-44). Let y(p) = -4*p + 12. Give y(s).
-20
Let b(v) = -3*v**3 + 3*v + 6. Let g(c) = -7*c**3 + c**2 + 6*c + 13. Let s(r) = -5*b(r) + 2*g(r). Determine s(-3).
-4
Let f = -449 - -457. Let u(s) = 2*s**2 - 16*s + 5. Determine u(f).
5
Let o(p) = p**3 - p**2 - 6*p + 9. Let f(m) = m**3 - 2*m**2 - 8*m + 11. Let r(j) = -5*f(j) + 6*o(j). Give r(-3).
-4
Let x(u) be the third derivative of u**5/60 + 13*u**4/24 - u**3/6 - 600*u**2. Determine x(-15).
29
Let a(l) = 11*l - 14 + 4*l**2 - 5*l**2 - 2. Let f be a(10). Let z(j) = -j**2 - 8*j - 6. What is z(f)?
6
Let m(d) be the third derivative of -d**4/12 + 5*d**3/6 - 10*d**2. Let o = 14 - 9. Give m(o).
-5
Let q(u) = -5*u - 13. Let t(z) = 13*z + 95. Let j be t(-8). What is q(j)?
32
Let p be ((-1161)/645)/(6/(-20)). Let k(u) = -u**2 + 10*u - 12. What is k(p)?
12
Suppose 33 = -4*k - 5*n, -4*k - 27 = 8*n - 9*n. Let h(c) = -c - 1. What is h(k)?
6
Suppose -15 = 8*u - 3*u. Let y(r) = -r + 1. Let a(g) = -4*g - 2. Let h(x) = u*y(x) + a(x). What is h(7)?
-12
Let o be 2/(-9) + 7/(-9). Let t(y) = -y. Let l(x) be the third derivative of -x**4/24 - x**3/6 + 33*x**2. Let h(u) = o*t(u) + 4*l(u). What is h(-3)?
5
Let b(t) = 2*t**2 - 5*t + 5. Let r be b(3). Suppose -r = f - 4. Let a(y) be the third derivative of y**4/24 + y**3/3 + 32*y**2. What is a(f)?
-2
Let x be (-248)/(-1364) + 3*(-14)/(-11). Let l(v) = 4 - 4*v + 3*v + 0*v. Determine l(x).
0
Let q(u) = u**2 - u - 6. Let o be q(-3). Let j be 16/o*30/(-20). Let p(i) = -i**2 - 2*i + 3. Give p(j).
-5
Let y = 281 - 275. Let b(l) = 3*l. What is b(y)?
18
Let b(u) be the first derivative of u**4/4 - 8*u**3/3 + 4*u**2 - 6*u - 1. Let v(f) = -f**3 + 37*f**2 - 107*f + 177. Let q be v(34). Calculate b(q).
1
Let o(f) = -10*f + 207. Let h be o(20). Let z(y) = y**2 - 12*y + 17. Determine z(h).
-18
Let u(j) = j**3 - 12*j**2 + 8*j - 79. Let w be u(12). Let k(r) = -r**3 + 18*r**2 - 18*r + 7. Determine k(w).
-10
Let w(d) = 3*d**3 - 15*d**2 - d - 8. Let l(a) = 7*a**3 - 33*a**2 - a - 17. Let t(x) = -4*l(x) + 9*w(x). Let s be -1 - 1/2*4. Determine t(s).
11
Suppose -3*b - 21 = -6. Let f(i) = -63*i + 12. Let z(u) = -29*u + 6. Let j(c) = -6*f(c) + 13*z(c). Determine j(b).
1
Suppose -42*a - 20 = -3*j - 46*a, -2*a + 10 = -4*j. Let d(i) be the third derivative of -2*i**2 + 1/24*i**4 + 0*i + 0*i**3 + j. What is d(-2)?
-2
Suppose -2*o = 0, b + o = -3*b - 20. Let a(t) = -3*t + 3. Give a(b).
18
Suppose 17*n = 21*n. Suppose n = 2*z - 5*a + 24, 0 = -3*z - 2*a - 26 + 9. Let k(x) = x**3 + 8*x**2 + 6*x + 1. Determine k(z).
8
Let p(q) = -q**2 + 11*q - 14. Let w be (-2 - 70/(-15))*3. Calculate p(w).
10
Let p(k) be the first derivative of -k**3 + 4*k + 5 + 5/2*k**2 - 1/4*k**4. Let f = 6 - 9. Determine p(f).
-11
Let f = 60 + -60. Let p(b) = -3*b + 4 + f*b**2 + b**2 + 2*b**2 - 2*b**2. What is p(4)?
8
Let c(y) be the first derivative of y**2/2 + 11*y + 106. Give c(8).
19
Let t(n) = -14 + 0 + 41 - 2*n - 7*n**2 - 14 - n**3 - n. What is t(-6)?
-5
Let w = -159 + 166. Let p(t) = t**3 - 9*t**2 + 15*t - 4. Determine p(w).
3
Suppose 2*w - 4 = -4*z + 8, -4*w + 5*z - 15 = 0. Suppose -3*v - 3*l - 1 = -13, 2*v - 2*l = w. Let m(p) = -2 + 3*p + v*p**2 + 3*p**2 - 4*p**2. Calculate m(-3).
-2
Let p(u) = -u + 4. Let y(o) = 4*o**3 + 3*o - 3. Suppose 142*f + 1 = 143*f. Let m be y(f). Give p(m).
0
Let l(d) be the second derivative of -d**5/20 - 11*d**4/12 - 11*d**3/6 - 3*d**2 + 60*d - 2. Determine l(-10).
4
Let y(d) = 3*d. Let i(b) = -5*b + 1. Let u(j) = -2*i(j) - 3*y(j). Suppose -3*s - 2*s = 0. Suppose s = g - 4*g - 15. What is u(g)?
-7
Suppose -127 = -9*x - 163. Let z(p) = p. Determine z(x).
-4
Let z(u) = -2*u. Let k(n) = 9*n + 3. Let c(s) = -k(s) - 5*z(s). Give c(-11).
-14
Let m(y) = -y - 3. Let u be m(-8). Suppose 3*v + u*w = -2*v + 20, 3*w + 20 = 5*v. Suppose -v = 8*k - 6*k. Let o(r) = 2*r**2 + 2*r + 2. Give o(k).
6
Let t(l) = -12*l - l**3 - 72*l**2 - 10 + 61*l**2 - 1. Let a(j) = j**2 + 15*j + 4. Let f be a(-14). Give t(f).
9
Let f(l) = -l**3 + 3*l**2 - 2*l + 2. Suppose -3*s - 3*k = -3, -36 = -3*s + k - 29. Determine f(s).
2
Let i(d) = 17*d**3 - d**2 - d. Suppose 3030 = 2*n + 3032. Determine i(n).
-17
Let s(h) be the first derivative of -h**4/4 + 2*h**3/3 + 3*h**2/2 - h + 2. Let k(p) = -2 - p + 0 + 8. Let n be k(4). Calculate s(n).
5
Let y = 7 - 4. Suppose -22 = -4*l - y*f, 5 = -5*f + 15. Let t(q) = 2*q - q + 3*q - 3*q + l. Determine t(-4).
0
Let j(m) = 5*m - 1. Suppose 120 = -4*i - 0*i. Let g be i/15*(1 - 2). Suppose -g*b + 0 = -2*h + 4, -18 = -5*b - 2*h. What is j(b)?
9
Suppose 15*k - 12*k = -111. Let c = -39 - k. Let h(t) = 4*t**2 + 7*t + 3. Let o(f) = 5*f**2 + 8*f + 4. Let g(m) = 4*h(m) - 3*o(m). Calculate g(c).
-4
Let u be -2 + 2 - (-3 + 2). Let g(x) = -27*x - 11. Let f(y) = 13*y + 5. Let i(m) = 9*f(m) + 4*g(m). Calculate i(u).
10
Let m(o) = -o**2 - 9*o + 23. Let n be 1/((-9)/92) - 348/(-1566). Give m(n).
13
Let l(j) = -j**2 - 5*j - 1. Let z = 41 - 21. Suppose 35*f + z = 30*f. Give l(f).
3
Let t be (-8)/(-16) - (-1)/2. Suppose -4*y - 7 = t. Let v(x) be the second derivative of x**5/20 - x**4/12 - x**3/3 - x**2/2 - 3*x. Give v(y).
-9
Let w(l) = -l**3 - l**2 + l + 2. Let i = 25 - 29. Let k(a) = a**2 + 2*a. Let q be k(i). Suppose -1 = q*r + 15. What is w(r)?
4
Let d(x) = 13*x**2 - 19*x - 12. Let c(k) = -9*k**2 + 13*k + 9. Let s(a) = 7*c(a) + 5*d(a). What is s(3)?
9
Let p(q) = 44*q + 3 + 33*q + 29*q + 5 - 105*q. Let b be 6*1*-1 + 1. Calculate p(b).
3
Let f(z) = -8*z**2 + z - 5. Let w(l) = -7*l**2 + l - 4. Suppose 12*c - 9*c = 21. Let y(v) = c*w(v) - 6*f(v). Calculate y(-3).
-10
Let t(z) = 1. Suppose 5*v + 26 - 1 = 0, 12 = 3*o - 3*v. Let d(m) = -m - 7. Let j(s) = o*d(s) - 3*t(s). Let p = 68 - 74. Determine j(p).
-2
Suppose -3*w + w + 10 = -5*t, -5*w + 5*t = -25. Let a(u) = -w*u + 3*u + 3*u. Give a(-1).
-1
Suppose v - 3*o = -12, 0*v - 4*v + 16 = 4*o. Let n(d) = v*d**3 - 2*d**2 - 3*d - 3 - 4*d**2 - 3*d**3 + 2*d**3. Determine n(-5).
-13
Suppose -m = -0 - 5. Let j(v) be the first derivative of -v**3/3 + 7*v**2/2 - 5*v - 157. Calculate j(m).
5
Let t(h) = -h - 1. Suppose 609*i - 603*i = -18. Determine t(i).
2
Let y(n) be the second derivative of n**5/20 - n**4/4 + n**3/6 + n**2 + 2*n - 58. Give y(2).
0
Let j = 108 + -103. Let d(v) = -66 + v**2 - 72 + j*v + 144. Calculate d(-4).
2
Let b(g) = -3 - g**2 - 226*g + 209*g - 1. Determine b(-16).
12
Let j(c) be the second derivative of c**4/12 - 4*c**3 + 31*c**2/2 - 174*c. Calculate j(23).
8
Let b be (-6)/(-5)*(-20)/(-8). Suppose -17 + 5 = b*g. Let d(j) = -j**3 + 2*j**2 + 4*j - 7 + 13 - 5*j**2 - j. Calculate d(g).
10
Suppose 0*v = -2*v. Let n be 23 - 21 - (v - 2). Let y(r) = -n*r + 3*r + r**2 + 4*r - r**3 - 1. Calculate y(3).
-10
Let z be 1/(-1) + (-260)/(-4). Let j = -19 + z. Suppose 4 = 2*c - 5*g - 7, j = -5*c - 2*g. Let y(f) = -f - 11. What is y(c)?
-4
Let h(x) be the first derivative of -x**2/2 + 2*x + 7. Suppose 4*q + 3 = -5. Determine h(q).
4
Let u(h) = -7*h**2 - h - 9. Let o(j) be the third derivative of -11*j**5/60 